culate c(23).
-17
Let z(a) = -30*a + 15. Give z(3).
-75
Let h(n) = 2*n**2 + 100*n - 316. Give h(-53).
2
Let i(u) = u**3 + 14*u**2 - 127*u + 133. Calculate i(6).
91
Let j(n) = -23*n - 7. Give j(-1).
16
Let h(z) = -1541*z - 6167. Give h(-4).
-3
Let t(s) = s**2 - 191*s + 3110. Determine t(18).
-4
Let o(w) = 2*w**3 - 19*w**2 - 27*w + 43. Give o(11).
109
Let j(y) = -y**3 + 16*y**2 + 18*y - 276. Calculate j(11).
527
Let b(o) = -267*o + 2171. What is b(8)?
35
Let z(v) = 231*v + 915. Determine z(-4).
-9
Let t(w) = 2*w**2 + 13*w - 8. Calculate t(-6).
-14
Let c(b) = -b**3 + 47*b**2 - 49*b + 205. Give c(46).
67
Let c(d) = d**2 - 182*d + 364. What is c(2)?
4
Let a(v) = 20*v**2 - 15*v + 9. Calculate a(3).
144
Let a(t) = 24*t - 1085. Calculate a(43).
-53
Let z(i) = 2*i + 13. Determine z(20).
53
Let s(i) = -12*i**2 + 65*i - 77. Determine s(2).
5
Let i(w) = -w**3 - 2*w**2 - 110. Give i(0).
-110
Let q(t) = 285*t - 2223. Give q(8).
57
Let r(d) = d**3 + 51*d**2 + 184*d + 1912. Determine r(-48).
-8
Let z(p) = p**3 - 24*p**2 - 44*p + 483. Give z(25).
8
Let b(x) = x**3 - 47*x**2 - 319*x + 64. Determine b(53).
11
Let t(z) = -234*z + 2014. Give t(9).
-92
Let o(m) = -m**2 + 51*m + 656. Give o(-11).
-26
Let m(w) = -8*w**2 + 197*w + 97. Calculate m(25).
22
Let g(p) = 2*p**3 + 4*p**2 - 8. Determine g(-6).
-296
Let z(p) = p**2 - 537*p - 5461. Give z(-10).
9
Let o(b) = 98*b + 4520. Determine o(-47).
-86
Let c(d) = -5*d**2 - 36*d - 113. Calculate c(-12).
-401
Let n(y) = 6*y**2 - 45*y - 5. Determine n(9).
76
Let y(c) = c**3 + 5*c**2 - 4*c - 15. What is y(4)?
113
Let h(o) = 2*o**2 + 340*o + 680. Determine h(-168).
8
Let x(w) = 2*w**3 + 22*w**2 - 26*w + 27. Give x(-13).
-311
Let c(y) = y**3 + 33*y**2 - 9*y - 304. Determine c(-33).
-7
Let a(g) = 23*g - 23. What is a(3)?
46
Let i(b) = 154*b - 82. Give i(-2).
-390
Let n(p) = 2*p**2 - 2*p - 36. Calculate n(8).
76
Let f(q) = -q**3 - 3*q**2 + 161*q - 122. What is f(10)?
188
Let b(m) = -m**3 + 59*m**2 + 618*m + 57. What is b(-9)?
3
Let a(r) = -2*r**3 - 74*r**2 - 75*r - 37. Give a(-36).
71
Let l(x) = 11*x + 131. Give l(-19).
-78
Let m(j) = -2*j**2 - 66*j + 62. Determine m(-35).
-78
Let t(k) = -k**2 + 558*k - 1669. Calculate t(3).
-4
Let s(h) = 11*h + 88. Calculate s(-9).
-11
Let q(f) = -2*f**3 - 37*f**2 - 67*f - 897. Calculate q(-18).
-15
Let l(c) = -c**2 - 46*c + 888. Give l(17).
-183
Let w(r) = r**3 + 6*r**2 - 12*r - 62. Determine w(-6).
10
Let q(j) = -50*j - 463. What is q(-4)?
-263
Let s(y) = -16*y**2 + 160*y + 628. Calculate s(13).
4
Let y(d) = d - 18. Calculate y(10).
-8
Let y(p) = 18*p - 65. Determine y(2).
-29
Let o(y) = -y**3 - 27*y**2 - 15*y - 1212. Give o(-28).
-8
Let q(p) = p**3 + 60*p**2 + 48*p - 135. Give q(-59).
514
Let n(l) = -l**3 + 9*l**2 - 31*l + 11. Give n(9).
-268
Let j(k) = -3*k**2 + 34*k + 797. Calculate j(23).
-8
Let l(i) = -2*i**2 + 7*i - 81. Give l(0).
-81
Let j(w) = 184*w + 5155. Determine j(-28).
3
Let z(m) = m**3 + 12*m**2 + 41*m - 7. Calculate z(-5).
-37
Let h(c) = 112*c - 3392. Calculate h(30).
-32
Let c(l) = -239*l + 28. Give c(0).
28
Let b(x) = -3931*x + 7860. Give b(2).
-2
Let u(x) = 350*x + 3832. Give u(-11).
-18
Let l(j) = 2*j**3 + 81*j**2 - 41*j - 831. Give l(-41).
-831
Let q(i) = 10*i**2 + 31*i - 91. Give q(3).
92
Let t(s) = 254*s + 195. Calculate t(-5).
-1075
Let d(z) = -390*z + 1794. Determine d(6).
-546
Let l(f) = 321*f - 339. Determine l(1).
-18
Let z(o) = o**3 + 6*o**2 - 9*o + 31. Determine z(-8).
-25
Let c(k) = 53*k + 25. Calculate c(-1).
-28
Let o(b) = -581*b + 2936. Give o(5).
31
Let z(a) = -853*a - 838. Calculate z(-1).
15
Let p(i) = 27*i**2 - 183*i + 4. Give p(3).
-302
Let u(g) = 2*g**3 + 25*g**2 - 50*g - 58. Give u(-14).
54
Let w(j) = j**3 + 22*j**2 + 3*j - 48. What is w(-22)?
-114
Let j(i) = -6*i**2 + 28*i + 80. Give j(7).
-18
Let s(j) = 269*j + 30118. Calculate s(-112).
-10
Let w(f) = 69*f**2 - 3*f + 6. Determine w(-2).
288
Let r(z) = 39*z**2 - 100*z - 6. Give r(5).
469
Let c(u) = 3*u**3 - 442*u**2 + 133*u + 2059. What is c(147)?
1
Let x(s) = -3*s**2 - 117*s - 321. Calculate x(-37).
-99
Let j(a) = -a + 45. Calculate j(-26).
71
Let n(s) = -11*s**3. What is n(2)?
-88
Let d(y) = -1163*y - 11633. What is d(-10)?
-3
Let z(m) = -m**3 + 32*m**2 - 174*m + 97. What is z(25)?
122
Let z(o) = -39*o - 240. Determine z(0).
-240
Let c(t) = 73*t + 50. Give c(6).
488
Let l(a) = -14*a**3 - 86*a**2 - 15*a + 1. Give l(-6).
19
Let o(r) = r**3 + 8*r**2 + 491*r + 3432. Give o(-7).
44
Let t(y) = y**2 + 24*y + 213. Give t(-13).
70
Let w(t) = -55*t**3 + 554*t**2 - 30*t - 93. Determine w(10).
7
Let k(y) = y**2 + 4391*y - 39598. Calculate k(9).
2
Let w(m) = m**3 + 22*m**2 + 75*m + 42. Calculate w(-17).
212
Let q(m) = -40*m + 874. Determine q(13).
354
Let g(y) = -24*y + 335. Give g(14).
-1
Let v(n) = -n**3 + 18*n**2 - 4*n - 230. What is v(17)?
-9
Let b(w) = -w**3 + 8*w**2 - 14*w + 95. Calculate b(6).
83
Let v(l) = l**2 + 13*l - 77. Determine v(-19).
37
Let y(f) = -518*f - 15665. Give y(-30).
-125
Let z(d) = -4*d**3 - 7*d**2 + 4*d + 12. What is z(4)?
-340
Let l(q) = -14*q**2 + 101*q - 7. Determine l(7).
14
Let n(c) = -c**2 + 127*c - 3906. Give n(73).
36
Let j(i) = -9*i**2 + 351*i - 36. Determine j(39).
-36
Let r(n) = n**2 + 69*n - 53. Determine r(0).
-53
Let g(s) = -6*s - 284. Give g(-37).
-62
Let q(u) = 115*u + 452. Determine q(-4).
-8
Let d(a) = -a**3 + 41*a**2 + 95*a - 397. Determine d(43).
-10
Let m(j) = 7153*j - 42925. Calculate m(6).
-7
Let o(x) = -8*x**2 + 103*x - 313. Calculate o(5).
2
Let s(u) = -u**3 + 91*u**2 - 7*u + 633. Determine s(91).
-4
Let d(z) = 126*z + 552. What is d(-5)?
-78
Let q(f) = 72*f - 500. What is q(7)?
4
Let x(w) = -1190*w - 11898. Give x(-10).
2
Let x(c) = 2*c**3 + 50*c**2 + 93*c - 44. Give x(-23).
-67
Let n(z) = -41*z - 791. What is n(-18)?
-53
Let p(x) = -x**3 - 62*x**2 - 429*x + 2543. Give p(-53).
-1
Let c(v) = v**2 - 14*v + 29. Determine c(0).
29
Let o(x) = -21*x + 424. What is o(20)?
4
Let i(s) = 2181*s + 10890. Determine i(-5).
-15
Let f(c) = 42*c**3 - 2*c + 2. Determine f(1).
42
Let d(x) = -x**3 - 28*x**2 - 2*x + 36. Determine d(-28).
92
Let u(c) = 98*c - 1526. What is u(19)?
336
Let i(c) = c**3 - 17*c**2 + 25*c - 76. Give i(16).
68
Let j(m) = m**3 - 11*m**2 + 32*m + 5. Give j(6).
17
Let n(p) = p**2 + 11*p - 55. Give n(-18).
71
Let b(z) = 4*z**2 - 118*z + 205. What is b(21)?
-509
Let o(s) = s**3 + 10*s**2 + 4*s - 26. Calculate o(-9).
19
Let h(l) = -l**2 - 47*l + 116. What is h(-39)?
428
Let x(b) = 11280*b - 11281. Calculate x(1).
-1
Let x(c) = c**2 + 136*c + 3178. Give x(-30).
-2
Let d(n) = 29*n**2 + 16*n - 31. Give d(3).
278
Let d(v) = 51*v + 2548. Calculate d(-50).
-2
Let v(a) = -a**2 - 38*a - 352. Give v(-33).
-187
Let u(l) = l**2 - 340*l - 5323. What is u(355)?
2
Let a(i) = -56*i - 1681. Give a(-30).
-1
Let b(a) = -4*a**3 + 8*a**2 + 156*a - 650. Give b(4).
-154
Let b(a) = -a**3 + 11*a**2 + 210*a - 40. Calculate b(-10).
-40
Let t(j) = 85*j - 1367. Determine t(16).
-7
Let w(v) = v**2 - 46*v - 4210. Give w(92).
22
Let k(z) = 314*z - 3148. Calculate k(10).
-8
Let y(s) = 5*s**2 - 59*s + 9. Calculate y(11).
-35
Let n(s) = s**3 - 6*s**2 - 1210*s + 7248. Calculate n(6).
-12
Let c(g) = g**3 - 79*g**2 + 225*g + 223. Give c(76).
-5
Let y(w) = -w**2 - 6*w - 24. Calculate y(-4).
-16
Let o(l) = -20*l - 15. Determine o(12).
-255
Let z(o) = o**2 + 14*o + 13. What is z(-13)?
0
Let p(q) = -11*q - 425. What is p(-41)?
26
Let z(b) = b**3 - 29*b**2 - 32*b + 130. Calculate z(30).
70
Let u(z) = -z**3 - 103*z**2 - 2441*z + 44. Calculate u(-66).
-22
Let z(k) = 674*k + 3099. Determine z(-5).
-271
Let v(b) = -73*b + 4407. Calculate v(63).
-192
Let j(c) = 8038*c - 80372. Determine j(10).
8
Let k(c) = -19*c**2 - 128*c - 80. Calculate k(-6).
4
Let m(b) = -15*b**2 - 330*b + 25. Determine m(-22).
25
Let q(s) = 7*s**3 - 4*s**2 + 7*s - 11. Give q(4).
401
Let j(z) = -z**3 + 4*z**2 + 4*z - 6. Give j(5).
-11
Let r(w) = -3*w**2 - 151*w - 151. What is r(-1)?
-3
Let x(f) = 4*f**3 - 4*f**2 + 7*f + 36. Calculate x(-2).
-26
Let u(o) = 38*o + 152. Determine u(-4).
0
Let j(o) = -3*o**2 - 24*o - 23. Calculate j(-1).
-2
Let b(r) = r**3 + 37*r**2 - 58*r - 756. Determine b(-38).
4
Let s(f) = -f**3 - 13*f**2 - 10*f + 8. Determine s(-13).
138
Let w(p) = 59*p + 7. Give w(-1).
-52
Let d(b) = -b**2 - 54*b + 139. Determine